ommon factor of 606 and 210455215?
101
What is the greatest common divisor of 945 and 23188095?
315
What is the highest common divisor of 8418 and 43861989?
4209
What is the highest common divisor of 33323 and 69991771?
709
Calculate the greatest common divisor of 467586 and 3456.
54
What is the greatest common factor of 480528 and 96?
48
What is the greatest common divisor of 9546559 and 6622?
473
Calculate the highest common factor of 28747 and 9599807.
1691
What is the highest common factor of 10152242 and 1268?
634
What is the highest common factor of 15214869 and 12606?
573
Calculate the highest common divisor of 189 and 740349.
9
What is the greatest common divisor of 2938121 and 181651?
373
Calculate the greatest common factor of 775504 and 9104.
16
What is the highest common divisor of 2306644 and 60916?
628
What is the greatest common factor of 1912893 and 175461?
1227
Calculate the greatest common divisor of 11072 and 630758.
346
What is the greatest common factor of 1411 and 1868419?
17
Calculate the greatest common factor of 57934 and 30046.
166
Calculate the greatest common factor of 8457 and 1071.
3
What is the greatest common divisor of 76 and 80117414?
38
Calculate the greatest common factor of 139373 and 707018.
923
What is the greatest common factor of 1026 and 23003406?
54
What is the greatest common divisor of 34035 and 3315009?
6807
What is the highest common factor of 159210 and 231678?
1098
Calculate the greatest common divisor of 368 and 332074.
46
What is the greatest common factor of 92 and 316261730?
46
Calculate the greatest common divisor of 2421 and 618.
3
What is the highest common factor of 292 and 20080840?
292
Calculate the greatest common divisor of 4613831 and 18053.
2579
Calculate the highest common factor of 5700 and 49030944.
228
What is the highest common divisor of 117912 and 8648?
8
Calculate the greatest common factor of 870 and 1662783585.
435
What is the highest common factor of 1425 and 200250?
75
Calculate the greatest common divisor of 260211281 and 6193.
6193
What is the highest common factor of 10218 and 112827?
39
What is the highest common divisor of 1527201 and 13851?
513
Calculate the greatest common factor of 8809 and 2274631.
23
What is the greatest common factor of 6619089 and 279?
93
What is the highest common divisor of 448545 and 7395?
255
What is the greatest common divisor of 16782991 and 732?
61
What is the highest common factor of 13060 and 10500?
20
What is the highest common divisor of 111 and 912383?
37
Calculate the highest common divisor of 1163868487 and 86.
43
What is the greatest common factor of 10983 and 31986157?
3661
Calculate the greatest common divisor of 36255941 and 1175.
47
What is the highest common factor of 34238 and 35835102?
2014
Calculate the greatest common factor of 20839242 and 138.
138
What is the greatest common divisor of 102491983 and 248?
31
Calculate the greatest common divisor of 256032714 and 5586.
798
What is the highest common factor of 183799 and 25949?
77
Calculate the highest common divisor of 164374 and 170156.
826
What is the greatest common divisor of 2411091 and 603?
9
Calculate the greatest common divisor of 6660 and 501540180.
2220
What is the highest common factor of 1912 and 2764632?
8
Calculate the greatest common factor of 416 and 1935362.
26
Calculate the greatest common factor of 1323 and 6072543.
27
What is the greatest common divisor of 2462 and 189634?
2
Calculate the highest common factor of 53427297 and 57.
57
Calculate the greatest common factor of 17100 and 1024860.
1140
Calculate the highest common divisor of 1534523 and 568.
71
What is the greatest common divisor of 679478 and 2?
2
Calculate the greatest common divisor of 1517072887 and 11.
11
What is the greatest common divisor of 49274999 and 95?
19
Calculate the greatest common divisor of 105 and 3080635.
5
What is the greatest common divisor of 16445 and 6847698?
3289
What is the highest common factor of 453298998 and 9006?
9006
Calculate the greatest common factor of 4139442036 and 27.
27
Calculate the highest common divisor of 24 and 678444.
12
Calculate the greatest common factor of 33372 and 47807244.
3708
What is the greatest common factor of 40956834 and 1401?
1401
What is the highest common divisor of 104608 and 960064?
224
What is the greatest common divisor of 152600 and 501200?
1400
Calculate the greatest common factor of 67420 and 55390.
10
Calculate the greatest common divisor of 116 and 1876602876.
116
Calculate the greatest common factor of 369312 and 21.
3
Calculate the greatest common divisor of 575 and 9879850.
25
What is the highest common factor of 192731 and 161007?
77
Calculate the greatest common factor of 68675 and 1511855.
335
Calculate the greatest common factor of 12510 and 19314189.
1251
Calculate the highest common factor of 3615 and 402165.
15
What is the highest common divisor of 2505940 and 18190?
1070
What is the greatest common factor of 1347348 and 420?
12
Calculate the highest common divisor of 6412304 and 193264.
752
What is the highest common factor of 7017694 and 46646?
562
What is the highest common divisor of 1923713 and 147675?
1969
What is the greatest common factor of 3804102 and 81?
9
What is the highest common factor of 72 and 1160658?
18
What is the highest common factor of 595033 and 33743?
41
What is the highest common divisor of 48 and 390120936?
24
Calculate the greatest common factor of 18762 and 2132319.
177
Calculate the highest common divisor of 68625 and 5275890.
2745
Calculate the highest common divisor of 40 and 5675980.
20
Calculate the highest common divisor of 30964348 and 426236.
3772
Calculate the highest common divisor of 87524899 and 34846.
917
Calculate the greatest common factor of 35011400 and 992.
248
What is the greatest common divisor of 304 and 10695632?
304
What is the highest common factor of 147363872 and 32?
32
What is the highest common divisor of 6127 and 145486?
11
What is the greatest common factor of 1673 and 28670440?
239
What is the greatest common factor of 229055619 and 39?
39
Calculate the highest common divisor of 930 and 302307350.
310
Calculate the highest common factor of 163688 and 112924.
1036
Calculate the highest common factor of 989726 and 1.
1
Calculate the highest common divisor of 666 and 8029.
37
What is the greatest common divisor of 16747463 and 47?
47
Calculate the highest common divisor of 9 and 122717.
1
What is the greatest common factor of 65222580 and 60?
60
What is the highest common factor of 40 and 48945400?
40
Calculate the greatest common divisor of 3632 and 384832192.
3632
What is the highest common factor of 14683008 and 6528?
384
What is the highest common divisor of 24 and 257473?
1
What is the greatest common factor of 2065 and 116938885?
2065
What is the highest common factor of 36 and 3013047?
9
What is the greatest common factor of 9471 and 5509539?
861
Calculate the greatest common factor of 34666636 and 1504.
188
What is the greatest common factor of 22204 and 88361?
91
Calculate the highest common divisor of 11171524 and 12220.
2444
What is the greatest common factor of 2 and 37383134?
2
What is the greatest common divisor of 258342447 and 88?
11
Calculate the highest common factor of 778 and 3509947.
389
What is the greatest common divisor of 17039 and 18282?
11
What is the greatest common factor of 7158043 and 247375?
1979
Calculate the greatest common divisor of 130771914 and 546.
546
Calculate the highest common factor of 9 and 369211.
1
What is the greatest common factor of 16468 and 148281989?
4117
What is the highest common factor of 2280 and 2581169?
19
Calculate the highest common factor of 2 and 11467978.
2
What is the greatest common factor of 9728 and 3018758?
38
Calculate the highest common factor of 80 and 16910180.
20
Calculate the greatest common factor of 315785 and 588689.
137
Calculate the greatest common divisor of 296867095 and 8510.
4255
Calculate the highest common factor of 95 and 120969086.
19
What is the greatest common factor of 3367260 and 15210?
1170
Calculate the greatest common divisor of 18 and 1923660.
18
What is the highest common divisor of 476754656 and 32?
32
Calculate the highest common factor of 2117409 a